{"id":38,"date":"2016-05-10T17:54:13","date_gmt":"2016-05-10T17:54:13","guid":{"rendered":"http:\/\/puli-john.de\/?page_id=38"},"modified":"2018-05-22T18:46:55","modified_gmt":"2018-05-22T18:46:55","slug":"unsere-wuerfe","status":"publish","type":"page","link":"http:\/\/puli-john.de\/?page_id=38","title":{"rendered":"Unsere W\u00fcrfe"},"content":{"rendered":"<p><img loading=\"lazy\" decoding=\"async\" class=\"alignnone size-medium wp-image-99\" src=\"http:\/\/puli-john.de\/wp-content\/uploads\/2016\/05\/a_wurf-300x213.jpg\" alt=\"a_wurf\" width=\"300\" height=\"213\" srcset=\"http:\/\/puli-john.de\/wp-content\/uploads\/2016\/05\/a_wurf-300x213.jpg 300w, http:\/\/puli-john.de\/wp-content\/uploads\/2016\/05\/a_wurf-768x544.jpg 768w, http:\/\/puli-john.de\/wp-content\/uploads\/2016\/05\/a_wurf-1024x726.jpg 1024w, http:\/\/puli-john.de\/wp-content\/uploads\/2016\/05\/a_wurf.jpg 1280w\" sizes=\"auto, (max-width: 300px) 100vw, 300px\" \/><\/p>\n<p>A Wurf vom Struffelt am 11.10.1976<br \/>\nDie R\u00fcden\u00a0Amos, Acsi, Amo und die H\u00fcndin Amica<br \/>\nMutter: Baltaskerti Borcsa, Z. Haber Gyula, B. Dr. Klaus John<br \/>\nVater: Amo v.d. Warndth\u00f6he, B. Ellenruth Freiin von Gemmingen-Hornberg<\/p>\n<p><img loading=\"lazy\" decoding=\"async\" class=\"alignnone size-medium wp-image-55\" src=\"http:\/\/puli-john.de\/wp-content\/uploads\/2016\/05\/B_Wurf_puli-300x147.jpg\" alt=\"B_Wurf_puli\" width=\"300\" height=\"147\" srcset=\"http:\/\/puli-john.de\/wp-content\/uploads\/2016\/05\/B_Wurf_puli-300x147.jpg 300w, http:\/\/puli-john.de\/wp-content\/uploads\/2016\/05\/B_Wurf_puli-768x376.jpg 768w, http:\/\/puli-john.de\/wp-content\/uploads\/2016\/05\/B_Wurf_puli.jpg 905w\" sizes=\"auto, (max-width: 300px) 100vw, 300px\" \/><\/p>\n<p>B Wurf vom Struffelt am 14.11.1979<br \/>\nDie R\u00fcden Bimbo, Bob Marley, H\u00fcndinnen Babuschka, Bella Babu und Bijou<br \/>\nMutter: Baltaskerti Borcsa, Z.: Haber Gyula, B.: Dr. Klaus John<br \/>\nVater: Csanyteleki Bukfenc, Z.: Bako Istvan, B.: Erna Schwarz<\/p>\n<p>&nbsp;<\/p>\n<p><img loading=\"lazy\" decoding=\"async\" class=\"alignnone size-medium wp-image-54\" src=\"http:\/\/puli-john.de\/wp-content\/uploads\/2016\/05\/C_Wurf_puli-300x214.jpg\" alt=\"C_Wurf_puli\" width=\"300\" height=\"214\" srcset=\"http:\/\/puli-john.de\/wp-content\/uploads\/2016\/05\/C_Wurf_puli-300x214.jpg 300w, http:\/\/puli-john.de\/wp-content\/uploads\/2016\/05\/C_Wurf_puli.jpg 687w\" sizes=\"auto, (max-width: 300px) 100vw, 300px\" \/><\/p>\n<p>C Wurf vom Struffelt am\u00a005.03.1981<br \/>\nDie R\u00fcden: Chico, Crispin-Sebastian, H\u00fcndin Cosima<br \/>\nMutter: Amica vom Struffelt, Z. + B.: Dr. Klaus John<br \/>\nVater: Csanyteleki Bukfenc, Z.: Bako Istvan, B.: Erna Schwarz<\/p>\n<p><img loading=\"lazy\" decoding=\"async\" class=\"alignnone size-full wp-image-53\" src=\"http:\/\/puli-john.de\/wp-content\/uploads\/2016\/05\/d_wurf_puli.jpg\" alt=\"d_wurf_puli\" width=\"289\" height=\"178\" \/><\/p>\n<p>D Wurf vom Struffelt am 16.02.1982<br \/>\nDie R\u00fcden: Django, Daski, Denes, H\u00fcndinnen: Dascha und Daika Amica<br \/>\nMutter: Amica vom Struffelt, Z. + B. Dr. Klaus John<br \/>\nVater: Csanyteleki Bukenc, Z.: Baku Istvan, B.: Erna Schwarz<\/p>\n<p><img loading=\"lazy\" decoding=\"async\" class=\"alignnone size-full wp-image-52\" src=\"http:\/\/puli-john.de\/wp-content\/uploads\/2016\/05\/e_wurf_puli.jpg\" alt=\"e_wurf_puli\" width=\"232\" height=\"225\" \/><\/p>\n<p>E Wurf vom Struffelt am 22.08.1982<br \/>\nDer R\u00fcde Ernie, H\u00fcndinnen Ebony und Edda<br \/>\nMutter: Baltaskerti Borcsa, Z.: Haber Gyula, B.: Dr. Klaus John<br \/>\nVater: Csanyteleki Bukfenc, Z.: Baku Istvan, B.: Erna Schwarz<\/p>\n<p><img loading=\"lazy\" decoding=\"async\" class=\"alignnone size-medium wp-image-77\" src=\"http:\/\/puli-john.de\/wp-content\/uploads\/2016\/05\/f_wurf-300x177.jpg\" alt=\"f_wurf\" width=\"300\" height=\"177\" srcset=\"http:\/\/puli-john.de\/wp-content\/uploads\/2016\/05\/f_wurf-300x177.jpg 300w, http:\/\/puli-john.de\/wp-content\/uploads\/2016\/05\/f_wurf-768x454.jpg 768w, http:\/\/puli-john.de\/wp-content\/uploads\/2016\/05\/f_wurf-1024x606.jpg 1024w, http:\/\/puli-john.de\/wp-content\/uploads\/2016\/05\/f_wurf.jpg 1280w\" sizes=\"auto, (max-width: 300px) 100vw, 300px\" \/><\/p>\n<p>F Wurf vom Struffelt am 20.11.1991<br \/>\nDie R\u00fcden Ferenc, Fridolin, Florian, die H\u00fcndinnen Ferri, Franziska und Fina<br \/>\nMutter: Natascha von der Insel Juist, Z. + B.: Dr. Melanie Freiin von Spiegel<br \/>\nVater: Ferry vom gr\u00fcnen Wald, Z. Heinz Spitzfaden, B.: Edel Rex<\/p>\n<p><img loading=\"lazy\" decoding=\"async\" class=\"alignnone size-medium wp-image-79\" src=\"http:\/\/puli-john.de\/wp-content\/uploads\/2016\/05\/g_wurf-300x243.jpg\" alt=\"g_wurf\" width=\"300\" height=\"243\" srcset=\"http:\/\/puli-john.de\/wp-content\/uploads\/2016\/05\/g_wurf-300x243.jpg 300w, http:\/\/puli-john.de\/wp-content\/uploads\/2016\/05\/g_wurf-768x622.jpg 768w, http:\/\/puli-john.de\/wp-content\/uploads\/2016\/05\/g_wurf-1024x830.jpg 1024w, http:\/\/puli-john.de\/wp-content\/uploads\/2016\/05\/g_wurf.jpg 1264w\" sizes=\"auto, (max-width: 300px) 100vw, 300px\" \/><\/p>\n<p>G Wurf vom Struffelt am 10.01.1993<br \/>\nDie R\u00fcden Garibold, Gottfried, Grey Earl, Gaspard, Gino (wei\u00df), die<br \/>\nH\u00fcndinnen Gina und Gila<br \/>\nMutter: Natascha von der Insel Juist, Z. + B. Dr. Melanie Freiin von Spiegel<br \/>\nVater: Ferry vom gr\u00fcnen Wald, Z.: Heinz Spitzfaden, B.: Edel Rex<\/p>\n<p><img loading=\"lazy\" decoding=\"async\" class=\"alignnone size-medium wp-image-81\" src=\"http:\/\/puli-john.de\/wp-content\/uploads\/2016\/05\/h_wurf-300x217.jpg\" alt=\"h_wurf\" width=\"300\" height=\"217\" srcset=\"http:\/\/puli-john.de\/wp-content\/uploads\/2016\/05\/h_wurf-300x217.jpg 300w, http:\/\/puli-john.de\/wp-content\/uploads\/2016\/05\/h_wurf-768x556.jpg 768w, http:\/\/puli-john.de\/wp-content\/uploads\/2016\/05\/h_wurf-1024x741.jpg 1024w, http:\/\/puli-john.de\/wp-content\/uploads\/2016\/05\/h_wurf.jpg 1280w\" sizes=\"auto, (max-width: 300px) 100vw, 300px\" \/><\/p>\n<p>H Wurf vom Struffelt am 17.02.1994<br \/>\nDie R\u00fcden Haginger, Harry, Haribo, Hennessy, Hoi Noah, Heiko (wei\u00df), die H\u00fcndin Heuriga<br \/>\nMutter: Natascha von der Insel Juist, Z. + B. Dr. Melanie Freiin von Spiegel<br \/>\nVater: Miklos vom Rexhof, Z. + B. Edel Rex<\/p>\n<p><img loading=\"lazy\" decoding=\"async\" class=\"alignnone size-medium wp-image-83\" src=\"http:\/\/puli-john.de\/wp-content\/uploads\/2016\/05\/i_wurf-300x167.jpg\" alt=\"i_wurf\" width=\"300\" height=\"167\" srcset=\"http:\/\/puli-john.de\/wp-content\/uploads\/2016\/05\/i_wurf-300x167.jpg 300w, http:\/\/puli-john.de\/wp-content\/uploads\/2016\/05\/i_wurf-768x428.jpg 768w, http:\/\/puli-john.de\/wp-content\/uploads\/2016\/05\/i_wurf-1024x571.jpg 1024w, http:\/\/puli-john.de\/wp-content\/uploads\/2016\/05\/i_wurf-672x372.jpg 672w, http:\/\/puli-john.de\/wp-content\/uploads\/2016\/05\/i_wurf-1038x576.jpg 1038w, http:\/\/puli-john.de\/wp-content\/uploads\/2016\/05\/i_wurf.jpg 1280w\" sizes=\"auto, (max-width: 300px) 100vw, 300px\" \/><\/p>\n<p>I\u00a0 Wurf vom Struffelt am 16.03.1995<br \/>\nDie H\u00fcndinnen Inka Gina, Iocca und Isabella (wei\u00df)<br \/>\nMutter: Natascha von der Insel Juist, Z. Dr. Melanie Freiin von Spiegel, B.: Helga John<br \/>\nVater: Miklos vom Rexhof, Z. + B. : Edel Rex<\/p>\n<p><img loading=\"lazy\" decoding=\"async\" class=\"alignnone size-medium wp-image-85\" src=\"http:\/\/puli-john.de\/wp-content\/uploads\/2016\/05\/j_wurf-300x208.jpg\" alt=\"j_wurf\" width=\"300\" height=\"208\" srcset=\"http:\/\/puli-john.de\/wp-content\/uploads\/2016\/05\/j_wurf-300x208.jpg 300w, http:\/\/puli-john.de\/wp-content\/uploads\/2016\/05\/j_wurf-768x532.jpg 768w, http:\/\/puli-john.de\/wp-content\/uploads\/2016\/05\/j_wurf-1024x709.jpg 1024w, http:\/\/puli-john.de\/wp-content\/uploads\/2016\/05\/j_wurf.jpg 1280w\" sizes=\"auto, (max-width: 300px) 100vw, 300px\" \/><\/p>\n<p>J\u00a0 Wurf vom Struffelt am 24.01.1997<br \/>\nDie R\u00fcden Jakob, Janosch, Jorongo und die H\u00fcndinnen Julischka und Jessica<br \/>\nMutter: Gina vom Struffelt, Z. + B.: Helga John<br \/>\nVater: Szentmihalyi- Szabo Kuksi, Z.: Szabone Ivanyi Katalin, B.: R. Klein<\/p>\n<p><img loading=\"lazy\" decoding=\"async\" class=\"alignnone size-medium wp-image-88\" src=\"http:\/\/puli-john.de\/wp-content\/uploads\/2016\/05\/k_wurf-271x300.jpg\" alt=\"k_wurf\" width=\"271\" height=\"300\" srcset=\"http:\/\/puli-john.de\/wp-content\/uploads\/2016\/05\/k_wurf-271x300.jpg 271w, http:\/\/puli-john.de\/wp-content\/uploads\/2016\/05\/k_wurf-768x850.jpg 768w, http:\/\/puli-john.de\/wp-content\/uploads\/2016\/05\/k_wurf.jpg 925w\" sizes=\"auto, (max-width: 271px) 100vw, 271px\" \/><\/p>\n<p>K Wurf vom Struffelt am 05.01.1999<br \/>\nDie R\u00fcden Klabund (wei\u00df), Kopernikus und Kyno, die H\u00fcndin Katia Kabanova<br \/>\nMutter: Gina vom Struffelt, Z. + \u00a0B.: Helga John<br \/>\nVater: Mehesf\u00f6ldi K\u00f6dmin, Z.: Csaba Arany, B. Gerhard Baik<\/p>\n<p><img loading=\"lazy\" decoding=\"async\" class=\"alignnone size-medium wp-image-90\" src=\"http:\/\/puli-john.de\/wp-content\/uploads\/2016\/05\/l_wurf-300x259.jpg\" alt=\"l_wurf\" width=\"300\" height=\"259\" srcset=\"http:\/\/puli-john.de\/wp-content\/uploads\/2016\/05\/l_wurf-300x259.jpg 300w, http:\/\/puli-john.de\/wp-content\/uploads\/2016\/05\/l_wurf-768x664.jpg 768w, http:\/\/puli-john.de\/wp-content\/uploads\/2016\/05\/l_wurf-1024x886.jpg 1024w, http:\/\/puli-john.de\/wp-content\/uploads\/2016\/05\/l_wurf.jpg 1184w\" sizes=\"auto, (max-width: 300px) 100vw, 300px\" \/><\/p>\n<p>L Wurf\u00a0vom Struffelt am 13.06.2000<br \/>\nDer R\u00fcde Lucca (wei\u00df), die H\u00fcndinnen Liebling (wei\u00df) und Lucy<br \/>\nMutter: Gina vom Struffelt, Z. + B. Helga John<br \/>\nVater:\u00a0 Pusztamergesi Csahos Jambor, Z.: Endrene Andrasfay, B.: Tina K\u00f6ppen<\/p>\n<p><img loading=\"lazy\" decoding=\"async\" class=\"alignnone size-medium wp-image-92\" src=\"http:\/\/puli-john.de\/wp-content\/uploads\/2016\/05\/m_wurf-300x225.jpg\" alt=\"m_wurf\" width=\"300\" height=\"225\" srcset=\"http:\/\/puli-john.de\/wp-content\/uploads\/2016\/05\/m_wurf-300x225.jpg 300w, http:\/\/puli-john.de\/wp-content\/uploads\/2016\/05\/m_wurf-768x577.jpg 768w, http:\/\/puli-john.de\/wp-content\/uploads\/2016\/05\/m_wurf-1024x769.jpg 1024w, http:\/\/puli-john.de\/wp-content\/uploads\/2016\/05\/m_wurf.jpg 1280w\" sizes=\"auto, (max-width: 300px) 100vw, 300px\" \/><\/p>\n<p>M Wurf vom Struffelt am 25.09.2001<br \/>\nDer R\u00fcde Mowgli, die H\u00fcndinnen Momo und Muck<br \/>\nMutter: Gina vom Struffelt, Z. + B. Helga John<br \/>\nVater: Arco v.d. Puli Burg, Z.: Gerhard Baik, B. Manuela M\u00fcller<\/p>\n<p><img loading=\"lazy\" decoding=\"async\" class=\"alignnone size-medium wp-image-40\" src=\"http:\/\/puli-john.de\/wp-content\/uploads\/2016\/05\/p014_1_01-300x225.jpg\" alt=\"p014_1_01\" width=\"300\" height=\"225\" srcset=\"http:\/\/puli-john.de\/wp-content\/uploads\/2016\/05\/p014_1_01-300x225.jpg 300w, http:\/\/puli-john.de\/wp-content\/uploads\/2016\/05\/p014_1_01.jpg 390w\" sizes=\"auto, (max-width: 300px) 100vw, 300px\" \/><\/p>\n<p>N Wurf vom Struffelt am\u00a0 25.01.2009<br \/>\nDer R\u00fcde Nano, H\u00fcndinnen Nanny und Nana<br \/>\nMutter: Daika vom L\u00e4rchenweg, Z.: B\u00e4rbel Kloss, B.: Helga John<br \/>\nVater: Konok Kunok Pulija T\u00fccs\u00f6k, Z.: Eva Turakne Barath,<br \/>\nB.: B\u00e4rbel Kloss<\/p>\n<p><img loading=\"lazy\" decoding=\"async\" class=\"alignnone size-medium wp-image-94\" src=\"http:\/\/puli-john.de\/wp-content\/uploads\/2016\/05\/o_wurf-300x195.jpg\" alt=\"o_wurf\" width=\"300\" height=\"195\" srcset=\"http:\/\/puli-john.de\/wp-content\/uploads\/2016\/05\/o_wurf-300x195.jpg 300w, http:\/\/puli-john.de\/wp-content\/uploads\/2016\/05\/o_wurf-768x498.jpg 768w, http:\/\/puli-john.de\/wp-content\/uploads\/2016\/05\/o_wurf-1024x664.jpg 1024w, http:\/\/puli-john.de\/wp-content\/uploads\/2016\/05\/o_wurf.jpg 1280w\" sizes=\"auto, (max-width: 300px) 100vw, 300px\" \/><\/p>\n<p>O Wurf vom Struffelt am 24.10.2011<br \/>\nDie R\u00fcden O&#8217;Neill und Omega, die H\u00fcndinnen Ora (wei\u00df) und Olala Jolie<br \/>\nMutter: Nana vom Struffelt, Z. + B. Helga John<br \/>\nVater: Lurko von Th\u00fcringen, Z.: E. Wagner, B.: B. Wimmer<\/p>\n<p><img loading=\"lazy\" decoding=\"async\" class=\"alignnone size-medium wp-image-97\" src=\"http:\/\/puli-john.de\/wp-content\/uploads\/2016\/05\/p_wurf_schwarz-300x232.jpg\" alt=\"p_wurf_schwarz\" width=\"300\" height=\"232\" srcset=\"http:\/\/puli-john.de\/wp-content\/uploads\/2016\/05\/p_wurf_schwarz-300x232.jpg 300w, http:\/\/puli-john.de\/wp-content\/uploads\/2016\/05\/p_wurf_schwarz-768x594.jpg 768w, http:\/\/puli-john.de\/wp-content\/uploads\/2016\/05\/p_wurf_schwarz-1024x792.jpg 1024w, http:\/\/puli-john.de\/wp-content\/uploads\/2016\/05\/p_wurf_schwarz.jpg 1280w\" sizes=\"auto, (max-width: 300px) 100vw, 300px\" \/><\/p>\n<p><img loading=\"lazy\" decoding=\"async\" class=\"alignnone size-medium wp-image-96\" src=\"http:\/\/puli-john.de\/wp-content\/uploads\/2016\/05\/p_wurf-300x163.jpg\" alt=\"p_wurf\" width=\"300\" height=\"163\" srcset=\"http:\/\/puli-john.de\/wp-content\/uploads\/2016\/05\/p_wurf-300x163.jpg 300w, http:\/\/puli-john.de\/wp-content\/uploads\/2016\/05\/p_wurf-768x418.jpg 768w, http:\/\/puli-john.de\/wp-content\/uploads\/2016\/05\/p_wurf-1024x558.jpg 1024w, http:\/\/puli-john.de\/wp-content\/uploads\/2016\/05\/p_wurf.jpg 1280w\" sizes=\"auto, (max-width: 300px) 100vw, 300px\" \/><\/p>\n<p>P Wurf vom Struffelt am 02.03.2014<br \/>\nDie R\u00fcden Paris (wei\u00df) und\u00a0Paul, die H\u00fcndinnen\u00a0\u00a0Piroschka Borcsa\u00a0(schwarz)\u00a0und\u00a0Polina<br \/>\nMutter: Nana vom Struffelt, Z + B. Helga John<br \/>\nVater: Lurko von Th\u00fcringen, Z. E. Wagner, B. B. Wimmer<\/p>\n<p>&nbsp;<\/p>\n","protected":false},"excerpt":{"rendered":"<p>A Wurf vom Struffelt am 11.10.1976 Die R\u00fcden\u00a0Amos, Acsi, Amo und die H\u00fcndin Amica Mutter: Baltaskerti Borcsa, Z. Haber Gyula, B. Dr. Klaus John Vater: Amo v.d. Warndth\u00f6he, B. Ellenruth Freiin von Gemmingen-Hornberg B Wurf vom Struffelt am 14.11.1979 Die R\u00fcden Bimbo, Bob Marley, H\u00fcndinnen Babuschka, Bella Babu und Bijou Mutter: Baltaskerti Borcsa, Z.: Haber &hellip; <a href=\"http:\/\/puli-john.de\/?page_id=38\" class=\"more-link\"><span class=\"screen-reader-text\">Unsere W\u00fcrfe<\/span> weiterlesen <span class=\"meta-nav\">&rarr;<\/span><\/a><\/p>\n","protected":false},"author":1,"featured_media":0,"parent":0,"menu_order":0,"comment_status":"closed","ping_status":"closed","template":"","meta":{"footnotes":""},"class_list":["post-38","page","type-page","status-publish","hentry"],"_links":{"self":[{"href":"http:\/\/puli-john.de\/index.php?rest_route=\/wp\/v2\/pages\/38","targetHints":{"allow":["GET"]}}],"collection":[{"href":"http:\/\/puli-john.de\/index.php?rest_route=\/wp\/v2\/pages"}],"about":[{"href":"http:\/\/puli-john.de\/index.php?rest_route=\/wp\/v2\/types\/page"}],"author":[{"embeddable":true,"href":"http:\/\/puli-john.de\/index.php?rest_route=\/wp\/v2\/users\/1"}],"replies":[{"embeddable":true,"href":"http:\/\/puli-john.de\/index.php?rest_route=%2Fwp%2Fv2%2Fcomments&post=38"}],"version-history":[{"count":26,"href":"http:\/\/puli-john.de\/index.php?rest_route=\/wp\/v2\/pages\/38\/revisions"}],"predecessor-version":[{"id":221,"href":"http:\/\/puli-john.de\/index.php?rest_route=\/wp\/v2\/pages\/38\/revisions\/221"}],"wp:attachment":[{"href":"http:\/\/puli-john.de\/index.php?rest_route=%2Fwp%2Fv2%2Fmedia&parent=38"}],"curies":[{"name":"wp","href":"https:\/\/api.w.org\/{rel}","templated":true}]}}